{"id":2894,"date":"2026-01-31T14:31:01","date_gmt":"2026-01-31T13:31:01","guid":{"rendered":"https:\/\/wikingnagozo.pl\/?page_id=2894"},"modified":"2026-02-05T10:21:16","modified_gmt":"2026-02-05T09:21:16","slug":"menu","status":"publish","type":"page","link":"https:\/\/wikingnagozo.pl\/index.php\/menu\/","title":{"rendered":"Menu"},"content":{"rendered":"\t\t<div data-elementor-type=\"wp-page\" data-elementor-id=\"2894\" class=\"elementor elementor-2894\" data-elementor-post-type=\"page\">\n\t\t\t\t<div class=\"elementor-element elementor-element-6e941689 e-con-full e-flex e-con e-parent\" data-id=\"6e941689\" data-element_type=\"container\" data-e-type=\"container\" data-settings=\"{&quot;background_background&quot;:&quot;classic&quot;,&quot;shape_divider_bottom&quot;:&quot;waves&quot;,&quot;shape_divider_bottom_negative&quot;:&quot;yes&quot;}\">\n\t\t\t\t<div class=\"elementor-shape elementor-shape-bottom\" aria-hidden=\"true\" data-negative=\"true\">\n\t\t\t<svg xmlns=\"http:\/\/www.w3.org\/2000\/svg\" viewBox=\"0 0 1000 100\" preserveAspectRatio=\"none\">\n\t<path class=\"elementor-shape-fill\" d=\"M790.5,93.1c-59.3-5.3-116.8-18-192.6-50c-29.6-12.7-76.9-31-100.5-35.9c-23.6-4.9-52.6-7.8-75.5-5.3\n\tc-10.2,1.1-22.6,1.4-50.1,7.4c-27.2,6.3-58.2,16.6-79.4,24.7c-41.3,15.9-94.9,21.9-134,22.6C72,58.2,0,25.8,0,25.8V100h1000V65.3\n\tc0,0-51.5,19.4-106.2,25.7C839.5,97,814.1,95.2,790.5,93.1z\"\/>\n<\/svg>\t\t<\/div>\n\t\t\t\t<div class=\"elementor-element elementor-element-1b6dc17d elementor-headline--style-rotate elementor-widget elementor-widget-animated-headline\" data-id=\"1b6dc17d\" data-element_type=\"widget\" data-e-type=\"widget\" data-settings=\"{&quot;headline_style&quot;:&quot;rotate&quot;,&quot;rotate_iteration_delay&quot;:3550,&quot;animation_type&quot;:&quot;typing&quot;,&quot;loop&quot;:&quot;yes&quot;}\" data-widget_type=\"animated-headline.default\">\n\t\t\t\t<div class=\"elementor-widget-container\">\n\t\t\t\t\t\t\t<h3 class=\"elementor-headline elementor-headline-animation-type-typing elementor-headline-letters\">\n\t\t\t\t\t<span class=\"elementor-headline-plain-text elementor-headline-text-wrapper\">Menu<\/span>\n\t\t\t\t<span class=\"elementor-headline-dynamic-wrapper elementor-headline-text-wrapper\">\n\t\t\t\t<\/span>\n\t\t\t\t<\/h3>\n\t\t\t\t\t\t<\/div>\n\t\t\t\t<\/div>\n\t\t\t\t<\/div>\n\t\t\t\t<section class=\"elementor-section elementor-top-section elementor-element elementor-element-18414809 elementor-section-boxed elementor-section-height-default elementor-section-height-default\" data-id=\"18414809\" data-element_type=\"section\" data-e-type=\"section\" data-settings=\"{&quot;background_background&quot;:&quot;classic&quot;,&quot;shape_divider_bottom&quot;:&quot;waves&quot;,&quot;shape_divider_bottom_negative&quot;:&quot;yes&quot;}\">\n\t\t\t\t\t<div class=\"elementor-shape elementor-shape-bottom\" aria-hidden=\"true\" data-negative=\"true\">\n\t\t\t<svg xmlns=\"http:\/\/www.w3.org\/2000\/svg\" viewBox=\"0 0 1000 100\" preserveAspectRatio=\"none\">\n\t<path class=\"elementor-shape-fill\" d=\"M790.5,93.1c-59.3-5.3-116.8-18-192.6-50c-29.6-12.7-76.9-31-100.5-35.9c-23.6-4.9-52.6-7.8-75.5-5.3\n\tc-10.2,1.1-22.6,1.4-50.1,7.4c-27.2,6.3-58.2,16.6-79.4,24.7c-41.3,15.9-94.9,21.9-134,22.6C72,58.2,0,25.8,0,25.8V100h1000V65.3\n\tc0,0-51.5,19.4-106.2,25.7C839.5,97,814.1,95.2,790.5,93.1z\"\/>\n<\/svg>\t\t<\/div>\n\t\t\t\t\t<div class=\"elementor-container elementor-column-gap-default\">\n\t\t\t\t\t<div class=\"elementor-column elementor-col-100 elementor-top-column elementor-element elementor-element-56558324\" data-id=\"56558324\" data-element_type=\"column\" data-e-type=\"column\">\n\t\t\t<div class=\"elementor-widget-wrap elementor-element-populated\">\n\t\t\t\t\t\t<div class=\"elementor-element elementor-element-6287049 elementor-widget elementor-widget-image\" data-id=\"6287049\" data-element_type=\"widget\" data-e-type=\"widget\" data-widget_type=\"image.default\">\n\t\t\t\t<div class=\"elementor-widget-container\">\n\t\t\t\t\t\t\t\t\t\t\t\t\t\t\t<img fetchpriority=\"high\" decoding=\"async\" width=\"1414\" height=\"2000\" src=\"https:\/\/wikingnagozo.pl\/wp-content\/uploads\/2026\/02\/Foldery-wycieczek-do-druku.png\" class=\"attachment-full size-full wp-image-3007\" alt=\"\" srcset=\"https:\/\/wikingnagozo.pl\/wp-content\/uploads\/2026\/02\/Foldery-wycieczek-do-druku.png 1414w, https:\/\/wikingnagozo.pl\/wp-content\/uploads\/2026\/02\/Foldery-wycieczek-do-druku-212x300.png 212w, https:\/\/wikingnagozo.pl\/wp-content\/uploads\/2026\/02\/Foldery-wycieczek-do-druku-724x1024.png 724w, https:\/\/wikingnagozo.pl\/wp-content\/uploads\/2026\/02\/Foldery-wycieczek-do-druku-768x1086.png 768w, https:\/\/wikingnagozo.pl\/wp-content\/uploads\/2026\/02\/Foldery-wycieczek-do-druku-1086x1536.png 1086w\" sizes=\"(max-width: 1414px) 100vw, 1414px\" \/>\t\t\t\t\t\t\t\t\t\t\t\t\t\t\t<\/div>\n\t\t\t\t<\/div>\n\t\t\t\t\t<\/div>\n\t\t<\/div>\n\t\t\t\t\t<\/div>\n\t\t<\/section>\n\t\t\t\t<section class=\"elementor-section elementor-top-section elementor-element elementor-element-6179e89f elementor-section-boxed elementor-section-height-default elementor-section-height-default\" data-id=\"6179e89f\" data-element_type=\"section\" data-e-type=\"section\" data-settings=\"{&quot;background_background&quot;:&quot;classic&quot;}\">\n\t\t\t\t\t\t<div class=\"elementor-container elementor-column-gap-default\">\n\t\t\t\t\t<div class=\"elementor-column elementor-col-100 elementor-top-column elementor-element elementor-element-521fd0d8\" data-id=\"521fd0d8\" data-element_type=\"column\" data-e-type=\"column\">\n\t\t\t<div class=\"elementor-widget-wrap elementor-element-populated\">\n\t\t\t\t\t\t<div class=\"elementor-element elementor-element-6e5a72c elementor-widget elementor-widget-text-editor\" data-id=\"6e5a72c\" data-element_type=\"widget\" data-e-type=\"widget\" data-widget_type=\"text-editor.default\">\n\t\t\t\t<div class=\"elementor-widget-container\">\n\t\t\t\t\t\t\t\t\t<p class=\"cvGsUA direction-ltr align-start para-style-body\"><span class=\"a_GcMg font-feature-liga-off font-feature-clig-off font-feature-calt-off text-decoration-none text-strikethrough-none\">Mo\u017cliwo\u015b\u0107 zam\u00f3wienia posi\u0142ku bezm\u0105cznego Gluten Free<\/span><\/p><p class=\"cvGsUA direction-ltr align-start para-style-body\"><span class=\"a_GcMg font-feature-liga-off font-feature-clig-off font-feature-calt-off text-decoration-none text-strikethrough-none\">Wszystkie Dania serwujemy z opiekanymi ziemniaczkami <\/span><span class=\"a_GcMg font-feature-liga-off font-feature-clig-off font-feature-calt-off text-decoration-none text-strikethrough-none\">i warzywami na parze<\/span><\/p><p class=\"cvGsUA direction-ltr align-start para-style-body\"><span class=\"a_GcMg font-feature-liga-off font-feature-clig-off font-feature-calt-off text-decoration-none text-strikethrough-none\">Na sto\u0142ach serwujemy winko bia\u0142e i czerwone oraz wod\u0119.<\/span><\/p><p><strong><span class=\"a_GcMg font-feature-liga-off font-feature-clig-off font-feature-calt-off text-decoration-none text-strikethrough-none\">Ic-Centru<\/span><\/strong><span class=\"a_GcMg font-feature-liga-off font-feature-clig-off font-feature-calt-off text-decoration-none text-strikethrough-none\">&#8211; Dzi\u0119ki Wam i smakom przygotowywanych potraw, mo\u017cemy dzieli\u0107 si\u0119 z naszymi Go\u015b\u0107mi prawdziw\u0105, autentyczn\u0105 atmosfer\u0105 Gozo. <\/span><span class=\"a_GcMg font-feature-liga-off font-feature-clig-off font-feature-calt-off text-decoration-none text-strikethrough-none\">A do\u015bwiadczenia kulinarne naszych Go\u015bci staj\u0105 si\u0119 pe\u0142niejsze i jeszcze bardziej wyj\u0105tkowe. Dzi\u0119kujemy<\/span><\/p>\t\t\t\t\t\t\t\t<\/div>\n\t\t\t\t<\/div>\n\t\t\t\t\t<\/div>\n\t\t<\/div>\n\t\t\t\t\t<\/div>\n\t\t<\/section>\n\t\t\t\t<\/div>\n\t\t","protected":false},"excerpt":{"rendered":"<p>Menu Mo\u017cliwo\u015b\u0107 zam\u00f3wienia posi\u0142ku bezm\u0105cznego Gluten Free Wszystkie Dania serwujemy z opiekanymi ziemniaczkami i warzywami na parze Na sto\u0142ach serwujemy winko bia\u0142e i czerwone oraz wod\u0119. Ic-Centru&#8211; Dzi\u0119ki Wam i smakom przygotowywanych potraw, mo\u017cemy dzieli\u0107 si\u0119 z naszymi Go\u015b\u0107mi prawdziw\u0105, autentyczn\u0105 atmosfer\u0105 Gozo. A do\u015bwiadczenia kulinarne naszych Go\u015bci staj\u0105 si\u0119 pe\u0142niejsze i jeszcze bardziej wyj\u0105tkowe. [&hellip;]<\/p>\n","protected":false},"author":1,"featured_media":0,"parent":0,"menu_order":0,"comment_status":"closed","ping_status":"closed","template":"elementor_header_footer","meta":{"footnotes":""},"class_list":["post-2894","page","type-page","status-publish","hentry"],"_links":{"self":[{"href":"https:\/\/wikingnagozo.pl\/index.php\/wp-json\/wp\/v2\/pages\/2894","targetHints":{"allow":["GET"]}}],"collection":[{"href":"https:\/\/wikingnagozo.pl\/index.php\/wp-json\/wp\/v2\/pages"}],"about":[{"href":"https:\/\/wikingnagozo.pl\/index.php\/wp-json\/wp\/v2\/types\/page"}],"author":[{"embeddable":true,"href":"https:\/\/wikingnagozo.pl\/index.php\/wp-json\/wp\/v2\/users\/1"}],"replies":[{"embeddable":true,"href":"https:\/\/wikingnagozo.pl\/index.php\/wp-json\/wp\/v2\/comments?post=2894"}],"version-history":[{"count":13,"href":"https:\/\/wikingnagozo.pl\/index.php\/wp-json\/wp\/v2\/pages\/2894\/revisions"}],"predecessor-version":[{"id":3010,"href":"https:\/\/wikingnagozo.pl\/index.php\/wp-json\/wp\/v2\/pages\/2894\/revisions\/3010"}],"wp:attachment":[{"href":"https:\/\/wikingnagozo.pl\/index.php\/wp-json\/wp\/v2\/media?parent=2894"}],"curies":[{"name":"wp","href":"https:\/\/api.w.org\/{rel}","templated":true}]}}